uppose -2*a + f*a = -10. Suppose -4*s = -b - 11, a*b - 2*s = 3*s - 10. Let k(q) = -6*q**2 + 1. Calculate k(b).
-5
Let u(y) = -3*y + 14. Let c(l) = -l + 5. Let n(w) = -11*c(w) + 4*u(w). Let s = 0 + -1. Calculate n(s).
2
Let i(r) = 0*r + 7*r**2 + r + 4 - 5*r. Let h(k) = -15*k**2 + 9*k - 9. Suppose 3*m = -5*s + 27, -5 = 5*m - 0. Let d(l) = s*h(l) + 13*i(l). Give d(-4).
6
Let j = 71 - 75. Let t(z) = z**2 + 5*z + 4. What is t(j)?
0
Let r = 18 + -4. Suppose -g + 2*w - 22 = -6*g, -2*w - r = -4*g. Let k(q) = -1 - 3*q - 3*q**2 + 4*q**2 - 2. Determine k(g).
1
Let q(z) = -z + 1. Suppose -3*n = -0*w + 3*w - 24, -4*w - 2*n + 26 = 0. Suppose 0 = -3*s + 2*s - g + 6, 0 = 3*s - 5*g + 6. Suppose w*l = s*l. Calculate q(l).
1
Suppose 2*d - q = 0, 3*d - q = -3*q. Let w(o) = o + 2. Calculate w(d).
2
Suppose 4*d + 3*k - 4*k = -20, 4*k = 16. Let f(i) = i**2 + 3*i + 3. Determine f(d).
7
Let c(m) be the second derivative of m**5/20 - m**4/6 + m**3/6 - m**2/2 + m. Let s be 6/4 + 1/2. Suppose 2*x - 1 = 5*k, -4 = -2*x + s. Determine c(k).
-1
Let d be (1 + -4 - -2)*3. Let u(l) = -1. Let c(b) = -b + 5. Let v(o) = -c(o) - 6*u(o). Let n be v(d). Let f(q) = -q**3 - q**2 + 1. Determine f(n).
5
Let m(x) be the first derivative of -x**4/4 - 2*x**3/3 - x**2 - 3*x + 3. Let c(k) = k + 3. Let q be c(-6). What is m(q)?
12
Let g(l) be the second derivative of l**6/120 + l**5/120 - l**4/6 - l. Let t(f) be the third derivative of g(f). Determine t(1).
7
Let p(u) be the second derivative of -9*u**5/20 - u**3/6 + u**2/2 + 4*u. Calculate p(1).
-9
Let t(u) = 2 - u**2 - 7 - 6*u + 3. Determine t(-6).
-2
Let a(z) = z**3 - z**2 - z - 1. Let q(x) = 4*x**3 + x**2 - 4*x - 5. Let i(h) = 5*a(h) - q(h). Let n be (1 - 2)/((-10)/(-20)) - -8. Give i(n).
-6
Let b(p) = -p**2 - 3*p + 2. Suppose 0 + 5 = -z. What is b(z)?
-8
Let a(s) = -s - 2. Let t = -2 - -1. Let h = -6 - t. Give a(h).
3
Let c(v) = 1 - 10*v**2 + 3*v - 4*v**2 + 13*v**2 - v**3. Calculate c(-2).
-1
Let t(b) be the first derivative of -3*b**2/2 + 7*b - 38. Determine t(6).
-11
Let a(p) be the second derivative of -p**5/20 + p**4/3 + p**3/3 - 3*p**2/2 + 5*p. Give a(4).
5
Let n(h) be the second derivative of h**3 - h**2/2 - h. Suppose -4*d + 3*q - 21 = -7*d, -q + 3 = -d. Suppose 3*x + d*x - 5 = 0. Calculate n(x).
5
Let j(f) = -10*f + 31. Let u(a) = -7*a + 21. Let r(v) = 5*j(v) - 7*u(v). Let o be r(8). Let q(t) = t**2 + t - 8. Determine q(o).
-8
Let q(u) = -u**3 + u**2. Let v be 5 - ((2 - -1) + 1). Let x be 4 + (1 - 4 - v). What is q(x)?
0
Suppose 3*k - 4*u - 16 = 0, 4*k + k - 20 = 5*u. Let h be (1 - k)/((-7)/28). Let x(t) = -2*t**2 - 6*t. What is x(h)?
-8
Let b(f) = 2*f + 4. Let s be 18/8 - (-9)/(-36). Let y = 6 - 3. Suppose -y*m = s*m + 25. Calculate b(m).
-6
Let v(h) be the first derivative of 1/2*h**2 + 1 - 1/3*h**3 - 4*h. Calculate v(3).
-10
Let r(w) = w + 5. Let j = 2 + 9. Suppose -4*y + 27 = 3. Let p = y - j. Calculate r(p).
0
Suppose -o - 4*n + 23 = -8*n, 0 = -2*o + 2*n + 22. Let k(u) be the second derivative of u**5/20 - u**4/2 - 4*u**3/3 + 9*u**2/2 - u. What is k(o)?
2
Let q(y) be the second derivative of y**3/6 + 13*y**2/2 + 5*y. Suppose -s = -2*p, 5*s - 6*p + 2*p = -18. Determine q(s).
7
Let m(u) = 5*u**2 + u. Let y(x) be the third derivative of -x**5/60 - x**4/6 + x**3 + x**2. Let b = -17 + 12. Let p be y(b). Give m(p).
6
Suppose -3*m = -7*m - 16. Let l(z) = z**3 + z - z**2 + 5*z**2 - 69 + 71. Calculate l(m).
-2
Let t(x) = -3*x + 18 - 25 + 9. Give t(-3).
11
Let l(o) be the first derivative of -o**4/4 + 5*o**3/3 - 3*o**2/2 - 2*o - 21. What is l(4)?
2
Let z(n) = -7*n**2 - 2*n - n**3 + 20*n**2 - n**2 - 6*n**2. Suppose 0*w - 10 = -2*w + 2*l, 0 = 5*l. What is z(w)?
15
Let k(x) = 2*x - 4. Let b(h) = -h**3 - 5*h**2 + 4*h - 5. Let i = 16 - 22. Let v be b(i). Suppose -d + 10 = -5*j, -2*j + 6 + v = 3*d. Determine k(d).
6
Let j(q) be the second derivative of 4*q**2 + 0 + q - 1/3*q**3. What is j(6)?
-4
Let i be (-1 - (-2)/(-2))*-1. Let m(r) be the first derivative of -r**2 + 3 - r + 1/3*r**3. What is m(i)?
-1
Let j = 6 + -7. Let u(f) = -6*f**3 - 2*f**2 - f. Determine u(j).
5
Let z(d) = 0*d - 12*d + 9*d + d. Determine z(1).
-2
Let u(g) = g**2 - 3*g + 3. Let y(v) = 2*v + 9. Let r be y(-3). Determine u(r).
3
Let n = -15 - -21. Let y be (-1)/(-3) - (-4)/n. Let m(a) be the second derivative of -a**4/6 - a**3/6 + a**2/2 - 10*a. Calculate m(y).
-2
Let c be (-4 + 32)/4 - 4. Suppose c*n + 0 = -6. Let b(s) = -2*s - 2. Determine b(n).
2
Let j(m) = -12*m**3 - m**2 - m. Let a be (3 - 4) + 6/(-2). Let u be 1/(-4) + 3/a. Determine j(u).
12
Let b(i) be the first derivative of i**2 + 3*i + 1. Let v(h) = h**2 - 9*h + 10. Let y be v(8). Suppose 2*o + y = -0*j + 2*j, j = 4*o + 7. What is b(o)?
-1
Suppose -3*r = -2*p - 30, 3*r + 30 = 6*r - 3*p. Let g(u) = u**2 - 5*u**2 - 9 + 3*u**2 + r. Calculate g(2).
-3
Suppose 3*t + 29 = 4*g, -30 = 3*g - 6*g + 5*t. Suppose 5*w - 4*w - 5*c + 4 = 0, -g*w + 2*c = -26. Let m(k) = -k**2 + 7*k - 7. Calculate m(w).
-1
Let b(u) = -6*u + 2. Let i(w) = w. Let z(q) = b(q) + 5*i(q). Determine z(0).
2
Let g(b) = -10*b**2 + b. Suppose 5*k + 6 = 11*k. Calculate g(k).
-9
Let r be 5 + 2*(-1)/2. Let x(d) be the first derivative of -d**2 - d - 2. Determine x(r).
-9
Let n(u) = -2*u - 2. Let o(l) = -l - 1. Let h(v) = -6*n(v) + 11*o(v). Let w be h(3). Let t(c) = c**2 - 6*c + 3. Give t(w).
-5
Let k(j) be the third derivative of j**4/24 - j**3/2 + j**2. Suppose n = -0*n + 3*p + 1, -3*n = 2*p + 30. Let i = n + 8. What is k(i)?
-3
Let l(i) = i - 10. Let j be 6 + 0 + 2 + 1 - 0. Determine l(j).
-1
Let f(m) = 2*m**3 - 4*m - 3. Let p be f(-2). Let q = 16 + p. Suppose 0 = -0*c + c + q. Let v(a) = a**3 + 4*a**2 - 4*a + 6. Give v(c).
1
Let r(j) be the first derivative of 1/4*j**4 - 1 - 5/3*j**3 + 6*j + 0*j**2. What is r(5)?
6
Let y(p) = -p**2 + 3*p - 5. Let w be y(3). Let z(s) = 3*s. What is z(w)?
-15
Let h(t) = 20*t + 27. Let f(d) = 14*d + 18. Let r(c) = 7*f(c) - 5*h(c). Give r(-8).
7
Let z(j) be the third derivative of -1/6*j**3 + 1/120*j**6 + 0*j + 1/15*j**5 + 0 - 1/12*j**4 - 2*j**2. Calculate z(-4).
7
Let v(h) = -h - 3. Let d = 32 + -27. Calculate v(d).
-8
Let b(x) = 8*x**3 - 2*x + 1. Let p = 6 - 4. Let h = p + -1. Give b(h).
7
Suppose -2*j + 18 = j. Let a(f) = -13*f**3 + 6*f**2 + 17*f + 13. Let y(r) = -7*r**3 + 3*r**2 + 9*r + 7. Let b(i) = j*a(i) - 11*y(i). Determine b(3).
10
Let s(m) = 6*m - 12. Let o(p) = 5*p - 11. Let w(g) = -5*o(g) + 4*s(g). Give w(5).
2
Let b(r) = -r**3 + 5*r**2 - 5*r + 4. Let z = -2 - -7. Suppose 5*a - z*x - 5 = 0, -3*a - 2*x = -x - 11. Give b(a).
7
Let p be ((-2)/(-4))/(1/(-2)). Let v(s) = 3*s**2 - s. Determine v(p).
4
Let j be 44/6 + (-52)/39. Let h(d) = -d + 6. Give h(j).
0
Let n(d) be the third derivative of -d**4/8 + d**3/2 - d**2. Determine n(7).
-18
Let h = 87 + -84. Let l(o) be the first derivative of -1/2*o**2 + 1/3*o**h - 2*o**4 + 0*o + 1. Give l(1).
-8
Let i(n) = n + 8. Let k(m) = -3*m**3 - m**2 + m - 1. Let y be k(1). Determine i(y).
4
Suppose -2*o - 2*o + 2 = 2*y, 15 = -5*y. Suppose 3*u = 4*u - o. Suppose t = 3 - u. Let x(m) = -m**3 - 1. What is x(t)?
-2
Let w(p) = 8*p**2 - 13*p - 21. Let x(i) = 3*i**2 - 4*i - 7. Let r(u) = 4*w(u) - 11*x(u). Give r(-6).
5
Suppose 0 = r - 4*x + 10, -r - x - 3*x + 14 = 0. Let g(c) = c + 2*c - r*c. Give g(-1).
-1
Let m(q) = 10*q - 8. Let i(r) be the third derivative of r**4/8 - r**3/2 - 2*r**2. Let s(b) = -7*i(b) + 2*m(b). Give s(0).
5
Let r be 5/((-1)/(-1)) + -2. Let k(h) = 3*h**r - h**2 + 14*h - 15*h - 2 - 2*h**3. Suppose 2 = -2*n + 6. What is k(n)?
0
Let p(w) = 2 + 10*w**3 + 4*w**2 - 5*w**3 + 4*w - 6*w**3 + 0*w**3. Determine p(5).
-3
Let p(c) = 6*c**2 + 6*c + 4. Let z be 18/(-3) + (-3 - -2). Let a(q) = -5*q**2 - 6*q - 3. Let s(x) = z*a(x) - 6*p(x). What is s(5)?
2
Let n(b) = 4*b**2 - 13*b - 2. Let f(k) = -2*k**2 + 7*k + 1. Let i(v) = -5*f(v) - 3*n(v). Let g be 0/(-3) + -1 - 4. Let a = g + 8. What is i(a)?
-5
Let a(o) = -o + 3. Let p be (-18)/(-8) - (-18)/24. Let b be a(p). Let i(g) = g**3 - g**2 + g + 1. What is i(b)?
1
Let c(v) = -4 + 1 + 1 - 13*v + 14*v. What is c(1)?
-1
Let y(f) = -f**3 + 3*f**2 - 4*f + 2. Let b be 8/6 - (-30)/18. What is y(b)?
-10
Let v = 3 + -1. Suppose 0 = 5*n - 5*i, 3*i + v*i = -4*n. Let u(a) = a + 3. What is u(n)?
3
Let f(j) = -j**3 + 7*j**2 - 6*j + 8. Suppose -